se 1 = -k - t, -29 = -k - 2*k + x*t. What is the units digit of k?
3
Let t = 6 - 31. Let d = -8 - t. What is the units digit of d?
7
Suppose 416 = 9*o - 5*o. Let a = o + -66. What is the units digit of a?
8
Let k(a) = 19*a**2 + 6*a - 6. What is the tens digit of k(-4)?
7
Let s(y) = y**2 - 3*y - 3. Let r be s(4). Let x = r - -4. Suppose 5*f = -0 + x. What is the units digit of f?
1
Let k(i) = -16*i**2 - i. Let t be k(-1). Let b = t - -23. What is the units digit of b?
8
Let r = 137 - 37. What is the units digit of r/(-8)*8/(-10)?
0
What is the tens digit of ((-55)/10)/((-3)/6)?
1
Let j = 2 + 0. Suppose -j*v - 8 = -4*v, 2*s = -2*v. What is the units digit of (-4 - -2)/(s/18)?
9
Let a be (10/15)/((-1)/3). Let y be 3*(a + 1)*3. What is the units digit of (-2)/4 - y/2?
4
Let w(g) = 46*g**3 - g**2 - g + 2. What is the units digit of w(1)?
6
Let v = 61 + -35. What is the tens digit of v?
2
Let a = -6 - -5. Let g = -5 + 3. Let u = a - g. What is the units digit of u?
1
Let x(q) = q**2 - 3. Let s(a) = a + 1. Let f be s(2). What is the units digit of x(f)?
6
Let v be (6/4)/(6/8). Suppose 39 = 3*s - 0*s. Suppose 18 = 4*h + 2*r, h = -v*h - 2*r + s. What is the units digit of h?
5
What is the tens digit of -2*3/24 - (-421)/4?
0
Suppose -2*w + 3 = -3. Suppose 7*u = w*u + 56. What is the units digit of u?
4
Suppose -2*n + 58 - 8 = 0. Suppose -b - 5 = -2*r, b - r + n = 5*b. Suppose -d + b*w - 6 + 34 = 0, 14 = -2*d - 4*w. What is the units digit of d?
3
Let u = 4 + -5. Let x = -1 + u. Let r = x + 3. What is the units digit of r?
1
Let l(f) = 10*f**3 - 2*f**2 - 2*f + 6. What is the units digit of l(2)?
4
Suppose -o + 15 = 5*i - 6*o, -5*i + o + 19 = 0. What is the units digit of 165/6 - 6/i?
6
Let l = -20 - -35. Let f = l + -3. What is the tens digit of f?
1
Let w(z) = z + 11. Let u be w(-9). Suppose 5*x - 7 + u = 0. What is the units digit of x?
1
Let a(l) = l**2 - 7*l + 2. What is the units digit of a(7)?
2
Let b be 3/(-15) + 22/10. Let i be 0/(b - (0 + 3)). Let v = i - -10. What is the tens digit of v?
1
Let o be (-11)/(-2) - (-2)/(-4). Suppose 14 = o*w - 1. Suppose 2 + w = 5*d. What is the units digit of d?
1
Let x = 2 + 1. Suppose -6 = -0*o - x*o. Suppose 3*f = 8*f - o*t - 110, 5*f + 2*t = 110. What is the tens digit of f?
2
Let v = -28 - -19. Let n = -2 - v. What is the units digit of n?
7
Suppose 0 = -2*i + 4*n - 30, 2*n = 4*i + 36. Let h = 9 + i. Suppose -o + 48 = h*o. What is the tens digit of o?
1
Suppose 0 = -2*a - a. Suppose a = -3*o + 6*o. Let p = o + 2. What is the units digit of p?
2
Let z = -24 + 17. Let a = z - -9. What is the units digit of a/(-6) + (-110)/(-6)?
8
Let k(d) = d**3 + 4*d**2 - d - 3. Let i be k(-4). Let l(x) = 20*x**2 + x. What is the tens digit of l(i)?
2
Let w(f) = 26*f - 1. What is the units digit of w(2)?
1
What is the units digit of 3/2 + (-1985)/(-10)?
0
Suppose -2*u - 3*u = 0. What is the units digit of u/(-1) + 35/1?
5
Suppose -2*h - 16*k + 17*k + 283 = 0, 2*k = 6. What is the units digit of h?
3
Suppose 96 = 4*k - k. Let b = -19 + k. What is the tens digit of b?
1
Suppose 0 = 4*k, -2*n = 5*k - 39 + 3. Let r be (n/(-21))/(3/21). Let y(p) = p**2 + 6*p + 4. What is the units digit of y(r)?
4
Suppose 7*o = 6*o + 43. Suppose 2*g = o - 1. What is the tens digit of g?
2
Let u(i) = -i**2 - 14*i + 4. Let w be u(-7). Let x = -4 + w. What is the tens digit of x?
4
Let g(n) = -n**2 + 11*n + 1. Suppose -5*m + m = 0. Suppose -2*o + 8 = 4*k - m, 0 = -o - 5*k - 5. What is the units digit of g(o)?
1
Let d = 9 + -4. Let v = d + 2. What is the units digit of v?
7
Let w(f) = -f**3 + 15*f**2 - 7*f - 23. What is the tens digit of w(14)?
7
Let h(a) = a**2 - 5*a - 6. What is the tens digit of h(10)?
4
Let u(d) = d**2 + d. Let l be u(-3). Suppose -2*q - 8 = -l*q. What is the units digit of q?
2
What is the units digit of (2 + 1)*(-4)/(-6)?
2
Suppose o = 4*s - 7, -2*s - 35 = 5*o + s. Let d = o - -9. What is the units digit of d?
2
Let h(u) = -2*u**2 + 6*u - 4. Let a be h(5). Let q be (-2)/4*(4 + a). Let k = -6 + q. What is the units digit of k?
4
Let y = 22 + 13. Let a = 0 + 2. Suppose 5*r = -5*q + y, a*r = 7*r - 3*q - 75. What is the units digit of r?
2
Suppose 2*z - 5*n - 54 = 0, 170 = 5*z + 4*n + n. What is the units digit of z?
2
Let g(v) = -v + 5. Let z be g(0). Let t = z + -2. What is the tens digit of t/(0 - (-3)/12)?
1
Suppose -6*m = -4*m - 74. What is the tens digit of m?
3
Suppose -x - 25 = -3*g, -3*x = 2*x - 10. Let c = -2 - 0. What is the units digit of (g/c)/((-3)/6)?
9
Suppose 0 = -0*u - u + 7. Let i = 10 - u. Suppose -5*c + i*c = -2. What is the units digit of c?
1
Let x = 41 - -181. What is the tens digit of x?
2
Let l(n) = 4*n + 0*n + 5*n + 3. Let f be l(-3). What is the tens digit of (9/6 - 2)*f?
1
Let a = -12 - -39. Let g be (60/(-9))/((-6)/a). Let k = g + -18. What is the tens digit of k?
1
Suppose 2 = 6*y - 4*y - r, 2*r - 8 = 0. Let n(t) = -t + t + y*t. What is the units digit of n(2)?
6
Let k be (10 + (-9)/3)*-1. Let v = -6 - k. What is the units digit of v?
1
Suppose 283 = 2*k - 309. What is the tens digit of k?
9
Let t(i) = i**2 + 4*i + 7. Suppose 6*g - 3*g - 2*n = -13, 3*g + 3 = -3*n. Let s be ((-15)/g)/(0 + -1). What is the tens digit of t(s)?
1
Let d be (20/30)/(1/6). Suppose 0 = -j - d + 1, 0 = -4*g + 2*j + 42. What is the units digit of g?
9
Let p = 9 - 13. Let m be (-3)/(-6)*-1*p. Suppose -b + 28 = 2*t, 5*t = m*b - 8 + 60. What is the tens digit of t?
1
Let k(h) = h + 12. Let t be k(-7). Suppose o = -0*o - t, 5*f - 20 = -o. What is the units digit of f?
5
Let k(b) = -b**3 + 4*b**2 - b. Let a be k(2). Let f be (a/8)/((-6)/24). Let n(v) = -3*v + 1. What is the units digit of n(f)?
0
Let y be 12*(1 + 2/(-4)). Let j = y + 0. What is the units digit of 14/j + (-2)/6?
2
Suppose i = -s + 3 + 58, 3*s = -i + 67. What is the tens digit of i?
5
Let m be 46/(-8) + 6/(-24). What is the units digit of (-14)/(-21) - 8/m?
2
Let k(x) = 15*x**3 + x**2 + 3*x - 2. Let l be k(2). Let w(m) = -m**3 + 5*m**2 + m + 1. Let g be w(5). What is the units digit of g/33 - l/(-22)?
6
Suppose 4*w + 0*w = 20. Suppose -5*p + 41 = k, 0*k + w*p - 185 = -5*k. What is the units digit of k?
6
Let k(u) = -u + 11. Let f(x) = -x**3 - 5*x**2 - 5*x + 4. Let m be f(-4). Let w be k(m). Suppose 4*n - w*n - 2 = o, n = -5*o + 14. What is the units digit of n?
4
Let h(k) = k**3 + 7*k**2 + 6*k + 4. Let d be h(-6). Suppose 3*s + 5 = 29. Suppose -2*g - 2*j + 2 = 0, 6 = 2*g - d*j - s. What is the units digit of g?
3
Let l(i) = 8*i**2. Let f be l(2). Suppose -r - 5*o - 96 = -4*r, -r - 5*o = -f. What is the tens digit of r?
3
Suppose -2 = -3*g + 2*d, 3*g + 2*d + 2*d - 14 = 0. Let t = 22 + -52. What is the units digit of t/(-9)*3/g?
5
Let n be 3*2/((-18)/15). Let f(p) = p**3 + 6*p**2 + 3*p + 3. Let s be f(n). Suppose -2*t + 5 + s = 0. What is the units digit of t?
9
Suppose 0 = 2*z + 2 - 4. Let p = -3 + 5. Let r = p + z. What is the units digit of r?
3
Let d be 14 + 2/2*1. Suppose -2*v - d = -7*v. Suppose 0 = -v*r + r + 14. What is the units digit of r?
7
Let j be (6/3)/((-1)/(-3)). Let p = -7 + j. Let z = p - -4. What is the units digit of z?
3
Suppose 0*v - 4 = 4*v + d, -2*v - 5*d - 20 = 0. Suppose -w - 24 = -4*w - l, -w + 4*l + 21 = v. What is the units digit of w?
9
Let n(y) = y**2 - 3*y - 8. Let l be n(6). Let j be (-4)/18 - 76/(-18). Suppose -p + 15 = -j*p, -t - 3*p = l. What is the units digit of t?
5
Let v(t) = t**3 - 3*t**2 - 4. Let j be v(3). Let y = 8 + j. Suppose 2*w - 1 = -0*w - m, y*w + m - 5 = 0. What is the units digit of w?
2
Let c(n) = -n**2 + 5*n + 5. Let h be c(5). Suppose -i + 3*i = 2*l - 2, 0 = -4*l - h*i + 13. What is the units digit of -1 + (l - 1 - -1)?
1
Let z(y) = y + 5. Let q = -9 + 14. What is the units digit of z(q)?
0
Suppose 3*y - i - 3 = 7, y - 4*i - 7 = 0. Let n be -1*(0/(-2) - 1). What is the units digit of 21/9*y/n?
7
What is the units digit of 3 + (-160)/((-4)/1)?
3
Let q = 1 + 6. Suppose -q*w + 3*o = -2*w - 29, 2*w - 5*o - 4 = 0. What is the units digit of w?
7
Let v = -142 - -202. Suppose -5*j + v = -30. What is the units digit of j?
8
Let y(s) = s**2 - 7*s - 6. Let f be y(8). Suppose f*t - 4*u - 11 = 9, -t = -4*u - 12. What is the units digit of t?
8
Let h = 2 - 1. Let a be (33/(-1))/(-3) + 0. Let k = a - h. What is the tens digit